ctors of 7401.
3, 2467
What are the prime factors of 1936?
2, 11
List the prime factors of 395.
5, 79
List the prime factors of 8967.
3, 7, 61
List the prime factors of 24548.
2, 17, 19
List the prime factors of 19223.
47, 409
What are the prime factors of 43511?
13, 3347
What are the prime factors of 4113?
3, 457
List the prime factors of 27626.
2, 19, 727
List the prime factors of 961.
31
What are the prime factors of 2370?
2, 3, 5, 79
List the prime factors of 43689.
3, 14563
What are the prime factors of 2418?
2, 3, 13, 31
What are the prime factors of 313?
313
List the prime factors of 686.
2, 7
List the prime factors of 156007.
156007
List the prime factors of 4898.
2, 31, 79
What are the prime factors of 24211?
11, 31, 71
List the prime factors of 61671.
3, 61, 337
List the prime factors of 26606.
2, 53, 251
What are the prime factors of 31673?
19, 1667
What are the prime factors of 1028?
2, 257
List the prime factors of 88583.
11, 8053
List the prime factors of 2429.
7, 347
What are the prime factors of 7486?
2, 19, 197
What are the prime factors of 3268?
2, 19, 43
List the prime factors of 88688.
2, 23, 241
List the prime factors of 5164.
2, 1291
What are the prime factors of 82637?
17, 4861
What are the prime factors of 6499?
67, 97
What are the prime factors of 15569?
15569
What are the prime factors of 3776?
2, 59
List the prime factors of 13575.
3, 5, 181
What are the prime factors of 8178?
2, 3, 29, 47
List the prime factors of 984.
2, 3, 41
What are the prime factors of 2638?
2, 1319
What are the prime factors of 71172?
2, 3, 659
List the prime factors of 1871.
1871
What are the prime factors of 99050?
2, 5, 7, 283
List the prime factors of 1897.
7, 271
List the prime factors of 74915.
5, 14983
List the prime factors of 1419.
3, 11, 43
What are the prime factors of 692?
2, 173
List the prime factors of 13615.
5, 7, 389
List the prime factors of 24461.
61, 401
What are the prime factors of 13536?
2, 3, 47
List the prime factors of 47129.
47129
What are the prime factors of 53335?
5, 10667
List the prime factors of 1542.
2, 3, 257
What are the prime factors of 17984?
2, 281
What are the prime factors of 3891?
3, 1297
List the prime factors of 17870.
2, 5, 1787
List the prime factors of 387.
3, 43
List the prime factors of 34013.
7, 43, 113
List the prime factors of 240.
2, 3, 5
List the prime factors of 94.
2, 47
List the prime factors of 24426.
2, 3, 23, 59
What are the prime factors of 14334?
2, 3, 2389
What are the prime factors of 127586?
2, 63793
List the prime factors of 34587.
3, 7, 61
List the prime factors of 678.
2, 3, 113
What are the prime factors of 7907?
7907
What are the prime factors of 47559?
3, 83, 191
What are the prime factors of 1260?
2, 3, 5, 7
What are the prime factors of 1314?
2, 3, 73
List the prime factors of 24735.
3, 5, 17, 97
List the prime factors of 3238.
2, 1619
List the prime factors of 478.
2, 239
List the prime factors of 2679.
3, 19, 47
List the prime factors of 14425.
5, 577
List the prime factors of 223.
223
What are the prime factors of 754?
2, 13, 29
List the prime factors of 2500.
2, 5
List the prime factors of 27358.
2, 13679
List the prime factors of 8459.
11, 769
List the prime factors of 11015.
5, 2203
List the prime factors of 12574.
2, 6287
What are the prime factors of 8410?
2, 5, 29
What are the prime factors of 5107?
5107
List the prime factors of 479.
479
List the prime factors of 2176.
2, 17
What are the prime factors of 72920?
2, 5, 1823
List the prime factors of 1085.
5, 7, 31
What are the prime factors of 26769?
3, 8923
List the prime factors of 1388.
2, 347
What are the prime factors of 9477?
3, 13
List the prime factors of 7536.
2, 3, 157
List the prime factors of 10.
2, 5
List the prime factors of 5304.
2, 3, 13, 17
What are the prime factors of 574?
2, 7, 41
What are the prime factors of 8508?
2, 3, 709
List the prime factors of 33694.
2, 17, 991
What are the prime factors of 5683?
5683
What are the prime factors of 48285?
3, 5, 29, 37
What are the prime factors of 3759?
3, 7, 179
List the prime factors of 1486.
2, 743
What are the prime factors of 1829?
31, 59
List the prime factors of 26055.
3, 5, 193
What are the prime factors of 1743?
3, 7, 83
List the prime factors of 24146.
2, 12073
What are the prime factors of 1887?
3, 17, 37
List the prime factors of 602.
2, 7, 43
What are the prime factors of 999?
3, 37
What are the prime factors of 53094?
2, 3, 8849
What are the prime factors of 939?
3, 313
List the prime factors of 466.
2, 233
What are the prime factors of 6543?
3, 727
List the prime factors of 23625.
3, 5, 7
List the prime factors of 697.
17, 41
What are the prime factors of 35598?
2, 3, 17, 349
What are the prime factors of 329?
7, 47
List the prime factors of 13109.
13109
What are the prime factors of 844?
2, 211
List the prime factors of 812.
2, 7, 29
List the prime factors of 32879.
7, 11, 61
List the prime factors of 78373.
181, 433
List the prime factors of 1393.
7, 199
What are the prime factors of 2062?
2, 1031
List the prime factors of 4719.
3, 11, 13
What are the prime factors of 46164?
2, 3, 3847
List the prime factors of 3028.
2, 757
What are the prime factors of 395?
5, 79
List the prime factors of 72987.
3, 24329
List the prime factors of 26797.
127, 211
List the prime factors of 11004.
2, 3, 7, 131
What are the prime factors of 891?
3, 11
List the prime factors of 10551.
3, 3517
What are the prime factors of 4460?
2, 5, 223
List the prime factors of 17017.
7, 11, 13, 17
List the prime factors of 110670.
2, 3, 5, 7, 17, 31
What are the prime factors of 35472?
2, 3, 739
List the prime factors of 55322.
2, 139, 199
What are the prime factors of 2210?
2, 5, 13, 17
What are the prime factors of 21363?
3, 7121
What are the prime factors of 810?
2, 3, 5
What are the prime factors of 1947?
3, 11, 59
List the prime factors of 7722.
2, 3, 11, 13
List the prime factors of 20851.
29, 719
What are the prime factors of 20956?
2, 13, 31
What are the prime factors of 2383?
2383
What are the prime factors of 42788?
2, 19, 563
List the prime factors of 540.
2, 3, 5
List the prime factors of 4675.
5, 11, 17
What are the prime factors of 921?
3, 307
What are the prime factors of 2829?
3, 23, 41
What are the prime factors of 146602?
2, 23, 3187
List the prime factors of 303.
3, 101
List the prime factors of 10291.
41, 251
List the prime factors of 32746.
2, 7, 2339
What are the prime factors of 48516?
2, 3, 13, 311
List the prime factors of 1574.
2, 787
What are the prime factors of 1108?
2, 277
List the prime factors of 1093.
1093
List the prime factors of 3932.
2, 983
List the prime factors of 10783.
41, 263
List the prime factors of 8990.
2, 5, 29, 31
List the prime factors of 3080.
2, 5, 7, 11
List the prime factors of 96.
2, 3
List the prime factors of 935.
5, 11, 17
List the prime factors of 650.
2, 5, 13
What are the prime factors of 3088?
2, 193
List the prime factors of 2769.
3, 13, 71
What are the prime factors of 6011?
6011
List the prime factors of 8096.
2, 11, 23
List the prime factors of 3944.
2, 17, 29
What are the prime factors of 90068?
2, 11, 23, 89
List the prime factors of 4483.
4483
What are the prime factors of 1210?
2, 5, 11
List the prime factors of 152427.
3, 11, 31, 149
List the prime factors of 2993.
41, 73
What are the prime factors of 5163?
3, 1721
What are the prime factors of 23171?
17, 29, 47
List the prime factors of 5846.
2, 37, 79
What are the prime factors of 5518?
2, 31, 89
What are the prime factors of 475?
5, 19
What are the prime factors of 3063?
3, 1021
What are the prime factors of 1991?
11, 181
What are the prime factors of 1738?
2, 11, 79
What are the prime factors of 1273?
19, 67
List the prime factors of 1037.
17, 61
What are the prime factors of 5436?
2, 3, 151
What are the prime factors of 44544?
2, 3, 29
What are the prime factors of 1839?
3, 613
List the prime factors of 34140.
2, 3, 5, 569
List the prime factors of 56685.
3, 5, 3779
List the prime factors of 110079.
3, 151
What are the prime factors of 33417?
3, 47, 79
What are the prime factors of 171496?
2, 13, 17, 97
List the prime factors of 21743.
17, 1279
List the prime factors of 787.
787
What are the prime factors of 2207?
2207
List the prime factors o